{"id":11578,"date":"2009-02-20T13:12:59","date_gmt":"2009-02-20T11:12:59","guid":{"rendered":"http:\/\/mummila.net\/pikkula\/?page_id=116"},"modified":"2009-02-20T13:12:59","modified_gmt":"2009-02-20T11:12:59","slug":"tietoja-blogista","status":"publish","type":"page","link":"https:\/\/mummila.net\/marginaali\/tietoja-blogista\/","title":{"rendered":"Tietoja blogista"},"content":{"rendered":"<p id=\"post11578-6jd0twt0e1po0l6f9kailjc5s\">T\u00e4m\u00e4n <a title=\"Blogi mummilan wikiss\u00e4\" href=\"http:\/\/mummila.net\/wiki\/Blogi\">blo\u00adgin<\/a> on tar\u00adkoi\u00adtus olla jotain <a title=\"Linkkiblogin m\u00e4\u00e4ritelm\u00e4 mummilan wikiss\u00e4\" href=\"http:\/\/mummila.net\/wiki\/Linkkiblogi\">link\u00adki\u00adblo\u00adgin<\/a>, <a title=\"Mikroblogin m\u00e4\u00e4ritelm\u00e4 mummilan wikiss\u00e4\" href=\"http:\/\/mummila.net\/wiki\/Mikroblogi\">mik\u00adro\u00adblo\u00adgin<\/a> ja perin\u00adtei\u00adsen blo\u00adgin v\u00e4li\u00admaas\u00adtos\u00adta, enem\u00adm\u00e4n lei\u00adke- kuin p\u00e4i\u00adv\u00e4\u00adkir\u00adja. <a title=\"Pikkula mummilan wikiss\u00e4\" href=\"http:\/\/mummila.net\/wiki\/Pikkula\">Laa\u00adjem\u00adpi esit\u00adte\u00adly l\u00f6y\u00adtyy mum\u00admi\u00adlan wikis\u00adt\u00e4<\/a>.&nbsp;<a rel=\"bookmark\" class=\"paragraph-permalink\" href=\"https:\/\/mummila.net\/marginaali\/tietoja-blogista\/#post11578-6jd0twt0e1po0l6f9kailjc5s\">#<\/a><\/p>\n","protected":false},"excerpt":{"rendered":"<p>T\u00e4m\u00e4n blo\u00adgin on tar\u00adkoi\u00adtus olla jotain link\u00adki\u00adblo\u00adgin, mik\u00adro\u00adblo\u00adgin ja perin\u00adtei\u00adsen blo\u00adgin v\u00e4li\u00admaas\u00adtos\u00adta, enem\u00adm\u00e4n lei\u00ad\u00adke- kuin p\u00e4i\u00adv\u00e4\u00adkir\u00adja. Laa\u00adjem\u00adpi esit\u00adte\u00adly l\u00f6y\u00adtyy mum\u00admi\u00adlan wikist\u00e4.&nbsp;#<\/p>\n","protected":false},"author":2,"featured_media":0,"parent":0,"menu_order":0,"comment_status":"closed","ping_status":"closed","template":"","meta":{"wp_typography_post_enhancements_disabled":false,"footnotes":""},"class_list":["post-11578","page","type-page","status-publish","hentry"],"_links":{"self":[{"href":"https:\/\/mummila.net\/marginaali\/wp-json\/wp\/v2\/pages\/11578","targetHints":{"allow":["GET"]}}],"collection":[{"href":"https:\/\/mummila.net\/marginaali\/wp-json\/wp\/v2\/pages"}],"about":[{"href":"https:\/\/mummila.net\/marginaali\/wp-json\/wp\/v2\/types\/page"}],"author":[{"embeddable":true,"href":"https:\/\/mummila.net\/marginaali\/wp-json\/wp\/v2\/users\/2"}],"replies":[{"embeddable":true,"href":"https:\/\/mummila.net\/marginaali\/wp-json\/wp\/v2\/comments?post=11578"}],"version-history":[{"count":0,"href":"https:\/\/mummila.net\/marginaali\/wp-json\/wp\/v2\/pages\/11578\/revisions"}],"wp:attachment":[{"href":"https:\/\/mummila.net\/marginaali\/wp-json\/wp\/v2\/media?parent=11578"}],"curies":[{"name":"wp","href":"https:\/\/api.w.org\/{rel}","templated":true}]}}